[INFO] cloning repository https://github.com/jeandudey/not-that-private
[INFO] running `Command { std: "git" "-c" "credential.helper=" "-c" "credential.helper=/workspace/cargo-home/bin/git-credential-null" "clone" "--bare" "https://github.com/jeandudey/not-that-private" "/workspace/cache/git-repos/https%3A%2F%2Fgithub.com%2Fjeandudey%2Fnot-that-private", kill_on_drop: false }`
[INFO] [stderr] Cloning into bare repository '/workspace/cache/git-repos/https%3A%2F%2Fgithub.com%2Fjeandudey%2Fnot-that-private'...
[INFO] running `Command { std: "git" "rev-parse" "HEAD", kill_on_drop: false }`
[INFO] [stdout] 1488925fe2ae7a7b8d3f3c0ca62af611398e530d
[INFO] checking jeandudey/not-that-private against try#72f88fc4e9458f89516a0b8b0868f3718aec5b47 for pr-74989
[INFO] running `Command { std: "git" "clone" "/workspace/cache/git-repos/https%3A%2F%2Fgithub.com%2Fjeandudey%2Fnot-that-private" "/workspace/builds/worker-0/source", kill_on_drop: false }`
[INFO] [stderr] Cloning into '/workspace/builds/worker-0/source'...
[INFO] [stderr] done.
[INFO] validating manifest of git repo https://github.com/jeandudey/not-that-private on toolchain 72f88fc4e9458f89516a0b8b0868f3718aec5b47
[INFO] running `Command { std: "/workspace/cargo-home/bin/cargo" "+72f88fc4e9458f89516a0b8b0868f3718aec5b47" "read-manifest" "--manifest-path" "Cargo.toml", kill_on_drop: false }`
[INFO] started tweaking git repo https://github.com/jeandudey/not-that-private
[INFO] finished tweaking git repo https://github.com/jeandudey/not-that-private
[INFO] tweaked toml for git repo https://github.com/jeandudey/not-that-private written to /workspace/builds/worker-0/source/Cargo.toml
[INFO] crate git repo https://github.com/jeandudey/not-that-private already has a lockfile, it will not be regenerated
[INFO] running `Command { std: "/workspace/cargo-home/bin/cargo" "+72f88fc4e9458f89516a0b8b0868f3718aec5b47" "fetch" "--locked" "--manifest-path" "Cargo.toml", kill_on_drop: false }`
[INFO] [stderr]  Downloading crates ...
[INFO] [stderr]   Downloaded snafu v0.6.7
[INFO] [stderr]   Downloaded snafu-derive v0.6.7
[INFO] [stderr]   Downloaded cookie_store v0.10.0
[INFO] [stderr]   Downloaded pin-project v0.4.10
[INFO] [stderr]   Downloaded rocksdb v0.14.0
[INFO] [stderr]   Downloaded pin-project-internal v0.4.10
[INFO] [stderr]   Downloaded librocksdb-sys v6.7.4
[INFO] running `Command { std: "docker" "create" "-v" "/var/lib/crater-agent-workspace/builds/worker-0/target:/opt/rustwide/target:rw,Z" "-v" "/var/lib/crater-agent-workspace/builds/worker-0/source:/opt/rustwide/workdir:ro,Z" "-v" "/var/lib/crater-agent-workspace/cargo-home:/opt/rustwide/cargo-home:ro,Z" "-v" "/var/lib/crater-agent-workspace/rustup-home:/opt/rustwide/rustup-home:ro,Z" "-e" "SOURCE_DIR=/opt/rustwide/workdir" "-e" "CARGO_TARGET_DIR=/opt/rustwide/target" "-e" "CARGO_HOME=/opt/rustwide/cargo-home" "-e" "RUSTUP_HOME=/opt/rustwide/rustup-home" "-w" "/opt/rustwide/workdir" "-m" "1610612736" "--user" "0:0" "--network" "none" "rustops/crates-build-env@sha256:d92eaeed33fa75130ca1ee6c8a01d1ffb62bac859dfdfb3450e3e5d1c0146529" "/opt/rustwide/cargo-home/bin/cargo" "+72f88fc4e9458f89516a0b8b0868f3718aec5b47" "metadata" "--no-deps" "--format-version=1", kill_on_drop: false }`
[INFO] [stderr] WARNING: Your kernel does not support swap limit capabilities or the cgroup is not mounted. Memory limited without swap.
[INFO] [stdout] e46159d4569b01cef22523cdd4f282135514f8aae171461eead7afba4b5a354f
[INFO] running `Command { std: "docker" "start" "-a" "e46159d4569b01cef22523cdd4f282135514f8aae171461eead7afba4b5a354f", kill_on_drop: false }`
[INFO] running `Command { std: "docker" "inspect" "e46159d4569b01cef22523cdd4f282135514f8aae171461eead7afba4b5a354f", kill_on_drop: false }`
[INFO] running `Command { std: "docker" "rm" "-f" "e46159d4569b01cef22523cdd4f282135514f8aae171461eead7afba4b5a354f", kill_on_drop: false }`
[INFO] [stdout] e46159d4569b01cef22523cdd4f282135514f8aae171461eead7afba4b5a354f
[INFO] running `Command { std: "docker" "create" "-v" "/var/lib/crater-agent-workspace/builds/worker-0/target:/opt/rustwide/target:rw,Z" "-v" "/var/lib/crater-agent-workspace/builds/worker-0/source:/opt/rustwide/workdir:ro,Z" "-v" "/var/lib/crater-agent-workspace/cargo-home:/opt/rustwide/cargo-home:ro,Z" "-v" "/var/lib/crater-agent-workspace/rustup-home:/opt/rustwide/rustup-home:ro,Z" "-e" "SOURCE_DIR=/opt/rustwide/workdir" "-e" "CARGO_TARGET_DIR=/opt/rustwide/target" "-e" "CARGO_INCREMENTAL=0" "-e" "RUST_BACKTRACE=full" "-e" "RUSTFLAGS=--cap-lints=forbid" "-e" "CARGO_HOME=/opt/rustwide/cargo-home" "-e" "RUSTUP_HOME=/opt/rustwide/rustup-home" "-w" "/opt/rustwide/workdir" "-m" "1610612736" "--user" "0:0" "--network" "none" "rustops/crates-build-env@sha256:d92eaeed33fa75130ca1ee6c8a01d1ffb62bac859dfdfb3450e3e5d1c0146529" "/opt/rustwide/cargo-home/bin/cargo" "+72f88fc4e9458f89516a0b8b0868f3718aec5b47" "check" "--frozen" "--all" "--all-targets" "--message-format=json", kill_on_drop: false }`
[INFO] [stdout] 2f437275b54c74f19d65fbd92e4de5cd9bbc1b8a751b05bef5ce82dbf02a5334
[INFO] [stderr] WARNING: Your kernel does not support swap limit capabilities or the cgroup is not mounted. Memory limited without swap.
[INFO] running `Command { std: "docker" "start" "-a" "2f437275b54c74f19d65fbd92e4de5cd9bbc1b8a751b05bef5ce82dbf02a5334", kill_on_drop: false }`
[INFO] [stderr]    Compiling proc-macro2 v1.0.12
[INFO] [stderr]    Compiling unicode-xid v0.2.0
[INFO] [stderr]    Compiling syn v1.0.18
[INFO] [stderr]    Compiling cfg-if v0.1.10
[INFO] [stderr]    Compiling getrandom v0.1.14
[INFO] [stderr]    Compiling ppv-lite86 v0.2.6
[INFO] [stderr]     Checking matches v0.1.8
[INFO] [stderr]     Checking itoa v0.4.5
[INFO] [stderr]    Compiling pkg-config v0.3.17
[INFO] [stderr]     Checking futures-core v0.3.4
[INFO] [stderr]    Compiling glob v0.3.0
[INFO] [stderr]     Checking slab v0.4.2
[INFO] [stderr]     Checking bytes v0.5.4
[INFO] [stderr]     Checking pin-project-lite v0.1.4
[INFO] [stderr]    Compiling unicode-width v0.1.7
[INFO] [stderr]    Compiling quick-error v1.2.3
[INFO] [stderr]    Compiling regex-syntax v0.6.17
[INFO] [stderr]     Checking new_debug_unreachable v1.0.4
[INFO] [stderr]     Checking foreign-types-shared v0.1.1
[INFO] [stderr]     Checking dtoa v0.4.5
[INFO] [stderr]    Compiling bindgen v0.53.2
[INFO] [stderr]    Compiling termcolor v1.1.0
[INFO] [stderr]    Compiling strsim v0.8.0
[INFO] [stderr]    Compiling openssl v0.10.29
[INFO] [stderr]     Checking mac v0.1.1
[INFO] [stderr]    Compiling rustc-hash v1.1.0
[INFO] [stderr]     Checking pin-utils v0.1.0
[INFO] [stderr]     Checking precomputed-hash v0.1.1
[INFO] [stderr]     Checking futures-sink v0.3.4
[INFO] [stderr]    Compiling lazycell v1.2.1
[INFO] [stderr]     Checking futures-io v0.3.4
[INFO] [stderr]     Checking futures-task v0.3.4
[INFO] [stderr]    Compiling byteorder v1.3.4
[INFO] [stderr]    Compiling native-tls v0.2.4
[INFO] [stderr]    Compiling shlex v0.1.1
[INFO] [stderr]     Checking utf-8 v0.7.5
[INFO] [stderr]     Checking try-lock v0.2.2
[INFO] [stderr]     Checking openssl-probe v0.1.2
[INFO] [stderr]     Checking percent-encoding v1.0.1
[INFO] [stderr]     Checking nodrop v0.1.14
[INFO] [stderr]     Checking tower-service v0.3.0
[INFO] [stderr]    Compiling doc-comment v0.3.3
[INFO] [stderr]     Checking stable_deref_trait v1.1.1
[INFO] [stderr]    Compiling encoding_rs v0.8.22
[INFO] [stderr]     Checking thin-slice v0.1.1
[INFO] [stderr]     Checking mime v0.3.16
[INFO] [stderr]     Checking base64 v0.11.0
[INFO] [stderr]     Checking ego-tree v0.6.2
[INFO] [stderr]    Compiling nom v5.1.1
[INFO] [stderr]    Compiling unicase v2.6.0
[INFO] [stderr]    Compiling indexmap v1.3.2
[INFO] [stderr]    Compiling error-chain v0.12.2
[INFO] [stderr]     Checking unicode-normalization v0.1.12
[INFO] [stderr]    Compiling thread_local v1.0.1
[INFO] [stderr]     Checking unicode-bidi v0.3.4
[INFO] [stderr]    Compiling humantime v1.3.0
[INFO] [stderr]    Compiling textwrap v0.11.0
[INFO] [stderr]     Checking futures-channel v0.3.4
[INFO] [stderr]     Checking foreign-types v0.3.2
[INFO] [stderr]     Checking dtoa-short v0.3.2
[INFO] [stderr]     Checking futf v0.1.4
[INFO] [stderr]     Checking http v0.2.1
[INFO] [stderr]     Checking getopts v0.2.21
[INFO] [stderr]     Checking servo_arc v0.1.1
[INFO] [stderr]    Compiling libc v0.2.69
[INFO] [stderr]     Checking log v0.4.8
[INFO] [stderr]    Compiling bitflags v1.2.1
[INFO] [stderr]    Compiling memchr v2.3.3
[INFO] [stderr]     Checking ryu v1.0.4
[INFO] [stderr]    Compiling clang-sys v0.29.3
[INFO] [stderr]     Checking net2 v0.2.34
[INFO] [stderr]     Checking iovec v0.1.4
[INFO] [stderr]     Checking num_cpus v1.13.0
[INFO] [stderr]     Checking time v0.1.43
[INFO] [stderr]     Checking atty v0.2.14
[INFO] [stderr]     Checking tendril v0.4.1
[INFO] [stderr]     Checking futures-util v0.3.4
[INFO] [stderr]     Checking aho-corasick v0.7.10
[INFO] [stderr]     Checking want v0.3.0
[INFO] [stderr]     Checking clap v2.33.0
[INFO] [stderr]     Checking idna v0.2.0
[INFO] [stderr]     Checking idna v0.1.5
[INFO] [stderr]     Checking mio v0.6.22
[INFO] [stderr]     Checking fxhash v0.2.1
[INFO] [stderr]    Compiling quote v1.0.4
[INFO] [stderr]    Compiling jobserver v0.1.21
[INFO] [stderr]    Compiling which v3.1.1
[INFO] [stderr]    Compiling mime_guess v2.0.3
[INFO] [stderr]     Checking url v2.1.1
[INFO] [stderr]     Checking url v1.7.2
[INFO] [stderr]    Compiling rand_core v0.5.1
[INFO] [stderr]    Compiling cc v1.0.52
[INFO] [stderr]     Checking regex v1.3.7
[INFO] [stderr]     Checking tokio v0.2.20
[INFO] [stderr]    Compiling rand_pcg v0.2.1
[INFO] [stderr]    Compiling rand_chacha v0.2.2
[INFO] [stderr]     Checking http-body v0.3.1
[INFO] [stderr]     Checking cookie v0.12.0
[INFO] [stderr]    Compiling rand v0.7.3
[INFO] [stderr]     Checking publicsuffix v1.5.4
[INFO] [stderr]    Compiling openssl-sys v0.9.55
[INFO] [stderr]    Compiling libloading v0.5.2
[INFO] [stderr]    Compiling cexpr v0.4.0
[INFO] [stderr]    Compiling env_logger v0.7.1
[INFO] [stderr]    Compiling phf_generator v0.8.0
[INFO] [stderr]    Compiling phf_codegen v0.8.0
[INFO] [stderr]    Compiling string_cache_codegen v0.5.1
[INFO] [stderr]    Compiling selectors v0.22.0
[INFO] [stderr]     Checking tokio-util v0.3.1
[INFO] [stderr]     Checking h2 v0.2.4
[INFO] [stderr]     Checking tokio-tls v0.3.0
[INFO] [stderr]    Compiling serde_derive v1.0.106
[INFO] [stderr]    Compiling phf_macros v0.8.0
[INFO] [stderr]    Compiling pin-project-internal v0.4.10
[INFO] [stderr]    Compiling cssparser v0.27.2
[INFO] [stderr]    Compiling html5ever v0.25.1
[INFO] [stderr]    Compiling cssparser-macros v0.6.0
[INFO] [stderr]    Compiling derive_more v0.99.5
[INFO] [stderr]    Compiling snafu-derive v0.6.7
[INFO] [stderr]     Checking phf v0.8.0
[INFO] [stderr]     Checking pin-project v0.4.10
[INFO] [stderr]     Checking hyper v0.13.5
[INFO] [stderr]    Compiling librocksdb-sys v6.7.4
[INFO] [stderr]     Checking snafu v0.6.7
[INFO] [stderr]     Checking hyper-tls v0.4.1
[INFO] [stderr]     Checking serde v1.0.106
[INFO] [stderr] error: could not compile `serde`.
[INFO] [stderr] 
[INFO] [stderr] Caused by:
[INFO] [stderr]   process didn't exit successfully: `rustc --crate-name serde /opt/rustwide/cargo-home/registry/src/github.com-1ecc6299db9ec823/serde-1.0.106/src/lib.rs --error-format=json --json=diagnostic-rendered-ansi --crate-type lib --emit=dep-info,metadata -C embed-bitcode=no -C debuginfo=2 --cfg 'feature="default"' --cfg 'feature="derive"' --cfg 'feature="serde_derive"' --cfg 'feature="std"' -C metadata=14c79d2f0c0bb739 -C extra-filename=-14c79d2f0c0bb739 --out-dir /opt/rustwide/target/debug/deps -L dependency=/opt/rustwide/target/debug/deps --extern serde_derive=/opt/rustwide/target/debug/deps/libserde_derive-4eb63c6ae7504e7b.so --cap-lints allow --cap-lints=forbid --cfg ops_bound --cfg core_reverse --cfg de_boxed_c_str --cfg de_boxed_path --cfg de_rc_dst --cfg core_duration --cfg integer128 --cfg range_inclusive --cfg num_nonzero --cfg core_try_from --cfg num_nonzero_signed --cfg std_atomic64 --cfg std_atomic` (signal: 9, SIGKILL: kill)
[INFO] [stderr] warning: build failed, waiting for other jobs to finish...
[INFO] [stderr] The following warnings were emitted during compilation:
[INFO] [stderr] 
[INFO] [stderr] warning: c++: fatal error: Killed signal terminated program cc1plus
[INFO] [stderr] warning: compilation terminated.
[INFO] [stderr] warning: c++: fatal error: Killed signal terminated program cc1plus
[INFO] [stderr] warning: compilation terminated.
[INFO] [stderr] warning: c++: fatal error: Killed signal terminated program cc1plus
[INFO] [stderr] warning: compilation terminated.
[INFO] [stderr] warning: c++: fatal error: Killed signal terminated program cc1plus
[INFO] [stderr] warning: compilation terminated.
[INFO] [stderr] warning: c++: fatal error: Killed signal terminated program cc1plus
[INFO] [stderr] warning: compilation terminated.
[INFO] [stderr] warning: c++: fatal error: Killed signal terminated program cc1plus
[INFO] [stderr] warning: compilation terminated.
[INFO] [stderr] warning: c++: fatal error: Killed signal terminated program cc1plus
[INFO] [stderr] warning: compilation terminated.
[INFO] [stderr] 
[INFO] [stderr] error: build failed
[INFO] running `Command { std: "docker" "inspect" "2f437275b54c74f19d65fbd92e4de5cd9bbc1b8a751b05bef5ce82dbf02a5334", kill_on_drop: false }`
[INFO] running `Command { std: "docker" "rm" "-f" "2f437275b54c74f19d65fbd92e4de5cd9bbc1b8a751b05bef5ce82dbf02a5334", kill_on_drop: false }`
[INFO] [stdout] 2f437275b54c74f19d65fbd92e4de5cd9bbc1b8a751b05bef5ce82dbf02a5334
